n**2 + 1. Let f be 1*(-4)/(-1)*-2. Let l be o(f). Suppose 2*i = -5*y + l - 29, 3*i = 3*y. Let z(b) = b**2 + 4*b. Determine z(y).
0
Let b(w) = -1 + 3 - 5 + 33*w - 32*w. Determine b(0).
-3
Let f(b) = 4*b. Let x(c) be the second derivative of 5*c**3/6 - 3*c. Let p(g) = 6*f(g) - 5*x(g). Calculate p(5).
-5
Let n(p) = p + 4. Suppose 19 = -3*i - 2*l, l = -3*i - 4*l - 16. Let v = -3 - i. Suppose -2*x = -v*o - 10, 2*o = -o - 4*x - 35. Calculate n(o).
-1
Let l be (-3 + -3)*2/4. Let y be (0 - 1)*l/1. Suppose y*m = -5 - 4. Let j(w) = w**2 + 3*w + 4. Calculate j(m).
4
Let c(t) = t**2 - t - 1. Let b(z) = 6*z**2 - 6*z - 5. Let v(h) = b(h) - 5*c(h). Let i(l) = -2*l**2 - 5*l - 1. Let o be i(-2). Calculate v(o).
0
Let t = 42 + -17. Suppose t = -g - 4*g. Let q(s) = -s - 5. Determine q(g).
0
Let k(c) = 14*c**3 + c**2. Let w be k(-1). Let b = -8 - w. Let m(i) = -i**3 + 1 + 2 + 2 + 5*i**2 - b*i. Determine m(4).
1
Let l = 11 - 11. Let t(d) be the third derivative of -d**2 + 0*d + 1/12*d**4 + d**3 + l. What is t(-5)?
-4
Suppose -3*z = -2*n + 13 + 4, 2*z + 10 = 0. Let s(a) = 18*a**2 - a + 1. Calculate s(n).
18
Let c(y) be the first derivative of -y**2/2 + 2*y - 2. Suppose 4*x + 8 = -4*z, x - 2*z - 6 = 4. Calculate c(x).
0
Let z(j) = -9*j + 2. Let h(y) = 9*y - 3. Let a(q) = -2*h(q) - 3*z(q). Determine a(-1).
-9
Let r(p) = -p - 6. Let c be r(-6). Let d(k) = c*k - 4*k + 5*k. Give d(3).
3
Let c(v) be the third derivative of -v**5/60 + 5*v**4/12 - 3*v**3/2 - 6*v**2. Calculate c(8).
7
Let n(j) be the first derivative of j**2 - 7*j + 4. What is n(7)?
7
Let d(i) = -3*i**2 - 3*i + 3. Suppose -5*o + 5 = z, z = -o - 3*z - 18. Determine d(o).
-15
Let o(k) = -k**2 - k - 2. Suppose 0 = 3*r - 1 + 4. Let f = -1 + r. Calculate o(f).
-4
Suppose 0 = 3*x - 5*x + 10. Let c = 8 + -5. Suppose c*r = 4*z + r + 6, 0 = -z - x*r - 7. Let y(a) = -a**3 + 2*a - 1. Give y(z).
3
Let t = -4 + 10. Let i(v) be the third derivative of -2*v**2 + 0*v**3 + 0 - 1/15*v**5 + 1/24*v**4 - 1/120*v**t + 0*v. Give i(-4).
-4
Let p(k) be the first derivative of k**4/2 + k**3 + k**2 + 3*k - 1. Suppose -4*q + 2*q + 12 = 0. Let u = q - 8. Calculate p(u).
-5
Let u(o) be the third derivative of o**8/20160 + o**7/1260 + o**6/240 - o**5/60 - 3*o**2. Let l(b) be the third derivative of u(b). Determine l(-4).
3
Let f(i) = i. Let w(b) = 4*b + 1. Let n(c) = -9*f(c) + 2*w(c). Give n(-5).
7
Suppose 0 = -5*x + 10 - 0. Suppose -5*n - 9 = -x*n. Let b(f) = -2*f**2 - 2*f - 3*f**2 - f**3 + f**2 - 3. What is b(n)?
-6
Let p(d) be the second derivative of d**5/20 - 7*d**4/12 + 7*d**3/6 + d**2/2 + 7*d. Determine p(5).
-14
Let i(k) = 0*k + 11*k**2 - 10*k**2 + 5 + 0 - 7*k. What is i(4)?
-7
Let a(u) = u**2 - 159*u**3 - 5*u**2 + 4*u - 3 - 3*u + 160*u**3. Calculate a(4).
1
Let n(z) = -z**3 + 5*z**2 + 7*z - 1. Suppose 0 = 3*l - 3*c - 4 - 5, -3*l + 15 = -c. What is n(l)?
5
Suppose -3*h + 6 = -4*u + u, -h + 2 = u. Let n(q) = -q + 2*q - 3*q**2 + 2*q**h. Let b = -26 - -24. What is n(b)?
-6
Suppose 2*l + 1 = 3*c - 0*c, -4*l = -4. Let r be c/(-4) - 207/36. Let k(w) = -w**2 - 6*w - 1. Give k(r).
-1
Let x(d) = 5*d - 16*d**2 - 3*d**3 + 21*d**2 + 4*d**3 + 2. Let k be (-1)/2*(-6)/(-1). Calculate x(k).
5
Let x(z) = -z + 7. Let p be x(0). Let j = p + -3. Let b(m) = m**2 + 7. Let k(t) = 2*t**2 - t + 8. Let f(d) = 3*b(d) - 2*k(d). Calculate f(j).
-3
Let a(b) = 3*b**2 + 4 + 0 - 2. Give a(-2).
14
Let d(v) be the second derivative of v**5/20 + 5*v**4/12 + v**3/3 + 5*v**2/2 - 10*v. Determine d(-5).
-5
Let q(k) = k**2 + 5*k + 1. Suppose 3*z - 8 = z. Let t = z + -6. Let p = t - 2. Give q(p).
-3
Let t(s) = 2*s + 3. Let x(j) = -2*j - 3. Let o(f) = -5*t(f) - 4*x(f). Let c(a) = 2*a + 7. Let w be c(-6). Determine o(w).
7
Let p(o) = -o**3 - 4*o**2 + 6*o - 7. Suppose -c + 0*a + 21 = -a, 3*a = -c + 17. Suppose 4*u + c = b, -b = -0*b. What is p(u)?
-12
Let l be (8/6)/((-2)/(-3)). Let w(y) = -3 + y**3 + 27*y**2 + y - 29*y**l + 2*y. Give w(2).
3
Let c(v) = v**2 - 5. Let b = 8 + -12. What is c(b)?
11
Let m(t) = 2*t - 1. Let h be -2 + (4 - (-5 - -3)). Suppose -h = 4*i + 4. Determine m(i).
-5
Let z(w) = w**3 + 4*w**2 - w - 4. Suppose 0 = 3*c + 31 - 22. Determine z(c).
8
Let u(h) = -3*h + 8. Let q(j) = 9*j - 23. Let c(y) = -6*q(y) - 17*u(y). Let v be c(2). Let k(w) = -w**3 - 4*w**2 + w + 1. Determine k(v).
-3
Let l = -2 - -8. Let q be 3/9 + 2/(-6). Let b(t) = -4 - t**3 - 2*t + 7*t**2 + q*t - 3*t. Calculate b(l).
2
Let k(u) = 4*u**2 + u. Suppose 5*f = 5*n - 30, -2*f = -4*n + 8 + 16. Let y be 2*(-3)/n - -2. Give k(y).
5
Let l = 18 + -18. Suppose 6 = -2*c + 4*m, l*c = -3*c + 3*m - 6. Let o(u) = 15*u + 1. Give o(c).
-14
Let r(y) = -y**3 + 9*y**2 - 10*y + 9. Let q(u) = -u**2 + 8*u - 7. Let f be q(5). Calculate r(f).
-7
Let u(v) = -v + 2. Let p(c) = -c + 2. Let m(q) = 4*p(q) - 5*u(q). Determine m(-6).
-8
Let n(d) = -d**3 + 3*d**2 + 5*d - 1. Let f be n(4). Suppose g - f = 2. Let u(v) be the second derivative of v**4/12 - v**3 + v**2 + 2*v. Give u(g).
-3
Let b(l) = 12*l**2 + 5*l + 7. Let f(w) = -w - 1. Let s(g) = -b(g) - 6*f(g). What is s(1)?
-12
Let a = -153 + 142. Let f(z) = -z**3 - 10*z**2 + 11*z + 3. Calculate f(a).
3
Let m(t) = -2*t - 2. Let j be m(-5). Suppose 2 + j = -2*d. Let h(u) = -u**3 - 5*u**2 - 2*u - 5. Calculate h(d).
5
Suppose 0*q - 14 = -2*q. Let r(d) = -d**3 + 7*d**2 + 10. Determine r(q).
10
Let m(g) be the second derivative of -g**5/20 + g**4/3 + 7*g**3/6 - 7*g**2/2 + 4*g. Let l(v) = -4*v + 1. Let h be l(-1). Give m(h).
3
Let a(i) = -i**3 + i**2 - 3*i. Let n(w) = -2*w**3 + 2*w**2 - 9*w + 1. Let b(f) = -8*a(f) + 3*n(f). What is b(2)?
5
Let r(v) be the third derivative of v**5/30 + 5*v**4/24 - v**3/2 + v**2. What is r(-4)?
9
Let h(l) = -2*l**3 - 2*l**2 + l. Suppose -4*s - s + 2 = 4*k, -s - 2*k = -4. Determine h(s).
6
Let z = 27 - 14. Let s(c) = -c**3 + 12*c**2 + 13*c. What is s(z)?
0
Let b be 1/(0 + (-3)/21). Let s be (-5 - 0)*7/b. Let x(q) = -4*q**2 - 2*q**3 - 4*q + 5*q**3 - 7 - 2*q**3. Give x(s).
-2
Let c(u) = u + 5. Let p(n) = -n**3 - 17*n**2 + 18*n. Let i be p(-18). Give c(i).
5
Let t(z) = z**3 - 6*z**2 - 8*z + 6. Let g = -113 + 120. Calculate t(g).
-1
Let i = 1 - 4. Let t(h) be the third derivative of h**4/12 + h**3/2 + h**2. Give t(i).
-3
Let b(o) be the third derivative of -o**5/60 + o**4/8 + 2*o**3/3 - 2*o**2. Suppose 3*q - 2*l + 30 = q, -5*l + 15 = 0. Let x be 9/q - (-46)/8. Determine b(x).
-6
Let h(s) = -s + 11. Let n be h(6). Let u(v) be the first derivative of -2*v**2 - 5*v + 1. Let x(f) = 3*f + 5. Let k(b) = 4*u(b) + 5*x(b). Calculate k(n).
0
Let q(o) = -o - 1. Let d be q(-6). Let k(t) be the first derivative of t**4/4 - 4*t**3/3 - 5*t**2/2 - 2*t - 40. Give k(d).
-2
Let g(m) = -3*m**3 - 2*m**3 + 11 - 5*m**3 + 5*m**2 - m + 5*m**3. Let k(c) = c**3 - c**2 - 2. Let a(i) = 2*g(i) + 11*k(i). What is a(-2)?
-8
Let c(p) = p**2 + 6*p. Let b(n) = -2*n**2 - 12*n + 1. Let o(l) = -6*b(l) - 11*c(l). What is o(-6)?
-6
Let q(u) = -4*u**3 + u**2 - u. Let m be (-94)/(-18) - (-8)/(-36). Suppose -3*o - 2*o - 2*h = -5, m*h = o - 1. Give q(o).
-4
Let x(h) be the first derivative of -h**2/2 + 2*h + 8. Calculate x(3).
-1
Let t = -7 - -6. Let c(w) = 4*w**2 - w. Calculate c(t).
5
Let s(v) be the second derivative of v**3/3 + 2*v**2 + 6*v. Calculate s(-4).
-4
Let w be ((-8)/(-6))/((-6)/(-9)). Let t(m) = -2*m**w + 1 + m + 2*m**2 - m**2. Let u be 0 + (0/(-2))/(-3). Calculate t(u).
1
Let s(q) = 0*q**2 + 3 + q**2 - 4 + 6*q. Let m(o) = -o - 6. Let p be m(-6). Suppose h - t = -2*t - 6, p = -h - 4*t - 9. Determine s(h).
-6
Suppose 0 = 13*p - 11*p - 8. Let g = -13 + 20. Let j(m) = -g*m + 2 + p*m + 4*m + 4*m. What is j(-2)?
-8
Let c = -15 - -30. Suppose 0 = -3*m + 3*q - c, -3*q = -m + q - 20. Let a be m*2/4 - 3. Let l(u) = -3*u - 2. Calculate l(a).
7
Let k(c) = 5*c**3 + 6*c**2 + 4*c - 4. Let n(y) = -6*y**3 - 6*y**2 - 4*y + 4. Let d(q) = -5*k(q) - 4*n(q). Give d(-5).
-1
Let h = 2 + -5. Let q(j) = -1. Let n(l) = -3*l + 3. Let s be (-20)/(-6)*27/15. Let k(b) = s*q(b) + n(b). Determine k(h).
6
Let j = 16 + -16. Let z(r) = r**3 - r + 1. What is z(j)?
1
Let k(r) be the first derivative of r**5/30 - r**3/6 - 3*r**2/2 - 2. Let c(b) be the second derivative of k(b). Give c(1).
1
Let f(s) = -s + 3*s**3 - 3*s - 2*s**3 - 1 - s**2. Let u(r) = -2*r**3 + 2*r**2 + 5*r + 2. Let a(n) = 3*f(n) + 2*u(n). Suppo